{"id":1108,"date":"2018-08-22T17:21:04","date_gmt":"2018-08-22T15:21:04","guid":{"rendered":"http:\/\/test.kramerdesign.net\/?page_id=1108"},"modified":"2025-06-11T12:06:15","modified_gmt":"2025-06-11T10:06:15","slug":"home","status":"publish","type":"page","link":"https:\/\/kramer-produkt-design.de\/","title":{"rendered":"Industriedesign"},"content":{"rendered":"\n<p class=\"has-medium-font-size\"><\/p>\n\n\n\n<p><strong>Prof. Andreas Kramer verf\u00fcgt \u00fcber mehr als 3 Jahrzehnte Erfahrung in der Produktentwicklung. In enger Zusammenarbeit mit seinen Kunden hat er zahlreiche Produkte aus unterschiedlichsten Branchen bis zur Marktreife gef\u00fchrt \u2013 stets mit dem Anspruch, \u00c4sthetik und Funktionalit\u00e4t auf h\u00f6chstem Niveau zu vereinen.<\/strong><\/p>\n\n\n\n<p>Mit einem ganzheitlichen, methodischen und nachhaltigen Ansatz begleitet er den Designprozess von der Analyse \u00fcber die fertigungsgerechte Ausarbeitung in CAD und physischen Modellen bis hin zur Markteinf\u00fchrung.<\/p>\n\n\n\n<p>Zahlreiche seiner Projekte wurden <a href=\"https:\/\/kramer-produkt-design.de\/?cat=5\">national und international ausgezeichnet.<\/a> Dar\u00fcber hinaus sammelt <a href=\"https:\/\/kramer-produkt-design.de\/?page_id=50\">Prof. Andreas Kramer<\/a> fortlaufend praktische Erkenntnisse in seiner <a href=\"https:\/\/kramer-produkt-design.de\/?page_id=48\">Lehrt\u00e4tigkeit im Bereich Produktdesign \/ CAD im Studiengang Integriertes Design an der Hochschule f\u00fcr K\u00fcnste Bremen<\/a> \u2013 Erfahrungen, die direkt in die Entwicklung marktf\u00e4higer und wettbewerbsstarker Produkte einflie\u00dfen.<\/p>\n\n\n\n<p><\/p>\n\n\n\n<p><strong>Bisherige Produktschwerpunkte<\/strong> <\/p>\n\n\n\n<figure class=\"wp-block-image size-large is-resized\"><img loading=\"lazy\" decoding=\"async\" width=\"1024\" height=\"577\" src=\"https:\/\/kramer-produkt-design.de\/wp-content\/uploads\/2017\/06\/Markilux-77x-78x-Auszeichnungen-1024x577.jpg\" alt=\"\" class=\"wp-image-839\" style=\"width:620px\" srcset=\"https:\/\/kramer-produkt-design.de\/wp-content\/uploads\/2017\/06\/Markilux-77x-78x-Auszeichnungen-1024x577.jpg 1024w, https:\/\/kramer-produkt-design.de\/wp-content\/uploads\/2017\/06\/Markilux-77x-78x-Auszeichnungen-300x169.jpg 300w, https:\/\/kramer-produkt-design.de\/wp-content\/uploads\/2017\/06\/Markilux-77x-78x-Auszeichnungen-768x433.jpg 768w, https:\/\/kramer-produkt-design.de\/wp-content\/uploads\/2017\/06\/Markilux-77x-78x-Auszeichnungen-973x548.jpg 973w, https:\/\/kramer-produkt-design.de\/wp-content\/uploads\/2017\/06\/Markilux-77x-78x-Auszeichnungen-508x286.jpg 508w, https:\/\/kramer-produkt-design.de\/wp-content\/uploads\/2017\/06\/Markilux-77x-78x-Auszeichnungen.jpg 1920w\" sizes=\"auto, (max-width: 1024px) 100vw, 1024px\" \/><figcaption class=\"wp-element-caption\"><a href=\"https:\/\/kramer-produkt-design.de\/?cat=4\" data-type=\"URL\" data-id=\"https:\/\/kramer-produkt-design.de\/?cat=4\">Beschattungssysteme, z.B. Markisen- und Plissee-Anlagen<\/a>, u.a. f\u00fcr Markilux und Bl\u00f6cker<br><br><\/figcaption><\/figure>\n\n\n\n<p><\/p>\n\n\n\n<figure class=\"wp-block-image size-large is-resized\"><img loading=\"lazy\" decoding=\"async\" width=\"1024\" height=\"819\" src=\"https:\/\/kramer-produkt-design.de\/wp-content\/uploads\/2017\/12\/15-04-02.173-1024x819.jpg\" alt=\"\" class=\"wp-image-277\" style=\"width:620px\" srcset=\"https:\/\/kramer-produkt-design.de\/wp-content\/uploads\/2017\/12\/15-04-02.173-1024x819.jpg 1024w, https:\/\/kramer-produkt-design.de\/wp-content\/uploads\/2017\/12\/15-04-02.173-300x240.jpg 300w, https:\/\/kramer-produkt-design.de\/wp-content\/uploads\/2017\/12\/15-04-02.173-768x614.jpg 768w, https:\/\/kramer-produkt-design.de\/wp-content\/uploads\/2017\/12\/15-04-02.173-973x778.jpg 973w, https:\/\/kramer-produkt-design.de\/wp-content\/uploads\/2017\/12\/15-04-02.173-508x406.jpg 508w, https:\/\/kramer-produkt-design.de\/wp-content\/uploads\/2017\/12\/15-04-02.173.jpg 1280w\" sizes=\"auto, (max-width: 1024px) 100vw, 1024px\" \/><figcaption class=\"wp-element-caption\"><a href=\"https:\/\/kramer-produkt-design.de\/?cat=14\">Elektronik, z.B. Tracking Ger\u00e4te,<\/a> u.a. f\u00fcr VHV Versicherung <br><br><\/figcaption><\/figure>\n\n\n\n<p><\/p>\n\n\n\n<figure class=\"wp-block-image size-full is-resized\"><img loading=\"lazy\" decoding=\"async\" width=\"1000\" height=\"1000\" src=\"https:\/\/kramer-produkt-design.de\/wp-content\/uploads\/2017\/12\/delta-4.jpg\" alt=\"\" class=\"wp-image-337\" style=\"width:620px\" srcset=\"https:\/\/kramer-produkt-design.de\/wp-content\/uploads\/2017\/12\/delta-4.jpg 1000w, https:\/\/kramer-produkt-design.de\/wp-content\/uploads\/2017\/12\/delta-4-150x150.jpg 150w, https:\/\/kramer-produkt-design.de\/wp-content\/uploads\/2017\/12\/delta-4-300x300.jpg 300w, https:\/\/kramer-produkt-design.de\/wp-content\/uploads\/2017\/12\/delta-4-768x768.jpg 768w, https:\/\/kramer-produkt-design.de\/wp-content\/uploads\/2017\/12\/delta-4-88x88.jpg 88w, https:\/\/kramer-produkt-design.de\/wp-content\/uploads\/2017\/12\/delta-4-973x973.jpg 973w, https:\/\/kramer-produkt-design.de\/wp-content\/uploads\/2017\/12\/delta-4-508x508.jpg 508w\" sizes=\"auto, (max-width: 1000px) 100vw, 1000px\" \/><figcaption class=\"wp-element-caption\"><a href=\"https:\/\/kramer-produkt-design.de\/?cat=11\">\u00d6fen und Gartenfeuer,<\/a> u.a. f\u00fcr LEDA Werk<br><br><\/figcaption><\/figure>\n\n\n\n<p><\/p>\n\n\n\n<figure class=\"wp-block-image size-full is-resized\"><img loading=\"lazy\" decoding=\"async\" width=\"640\" height=\"445\" src=\"https:\/\/kramer-produkt-design.de\/wp-content\/uploads\/2022\/02\/Topuntersetzer_MoodghdyRMwHQinIw_640x450.jpg\" alt=\"\" class=\"wp-image-1672\" style=\"object-fit:cover;width:620px;height:583px\" srcset=\"https:\/\/kramer-produkt-design.de\/wp-content\/uploads\/2022\/02\/Topuntersetzer_MoodghdyRMwHQinIw_640x450.jpg 640w, https:\/\/kramer-produkt-design.de\/wp-content\/uploads\/2022\/02\/Topuntersetzer_MoodghdyRMwHQinIw_640x450-300x209.jpg 300w, https:\/\/kramer-produkt-design.de\/wp-content\/uploads\/2022\/02\/Topuntersetzer_MoodghdyRMwHQinIw_640x450-508x353.jpg 508w\" sizes=\"auto, (max-width: 640px) 100vw, 640px\" \/><figcaption class=\"wp-element-caption\"><a href=\"https:\/\/kramer-produkt-design.de\/?cat=13\">Konsumg\u00fcter, z.B. f\u00fcr den gedeckten Tisch,<\/a> u.a. f\u00fcr Philippi<br><br><\/figcaption><\/figure>\n\n\n\n<p><\/p>\n\n\n\n<figure class=\"wp-block-image size-large is-resized\"><img loading=\"lazy\" decoding=\"async\" width=\"1024\" height=\"556\" src=\"https:\/\/kramer-produkt-design.de\/wp-content\/uploads\/2022\/02\/enviva2011-Kopie-1024x556.jpg\" alt=\"\" class=\"wp-image-1687\" style=\"width:620px\" srcset=\"https:\/\/kramer-produkt-design.de\/wp-content\/uploads\/2022\/02\/enviva2011-Kopie-1024x556.jpg 1024w, https:\/\/kramer-produkt-design.de\/wp-content\/uploads\/2022\/02\/enviva2011-Kopie-300x163.jpg 300w, https:\/\/kramer-produkt-design.de\/wp-content\/uploads\/2022\/02\/enviva2011-Kopie-768x417.jpg 768w, https:\/\/kramer-produkt-design.de\/wp-content\/uploads\/2022\/02\/enviva2011-Kopie-973x528.jpg 973w, https:\/\/kramer-produkt-design.de\/wp-content\/uploads\/2022\/02\/enviva2011-Kopie-508x276.jpg 508w, https:\/\/kramer-produkt-design.de\/wp-content\/uploads\/2022\/02\/enviva2011-Kopie.jpg 1198w\" sizes=\"auto, (max-width: 1024px) 100vw, 1024px\" \/><figcaption class=\"wp-element-caption\"><a href=\"https:\/\/kramer-produkt-design.de\/?cat=16\">Haushaltger\u00e4te, z.B. Wasserspender und Dampfreiniger,<\/a> u.a. f\u00fcr Brita und Tien-Verand<br><br><\/figcaption><\/figure>\n\n\n\n<p><\/p>\n\n\n\n<figure class=\"wp-block-image size-full is-resized\"><img loading=\"lazy\" decoding=\"async\" width=\"619\" height=\"348\" src=\"https:\/\/kramer-produkt-design.de\/wp-content\/uploads\/2017\/12\/Stuhl_Luno_Mueller_04.jpg\" alt=\"\" class=\"wp-image-319\" style=\"object-fit:cover;width:620px;height:472px\" srcset=\"https:\/\/kramer-produkt-design.de\/wp-content\/uploads\/2017\/12\/Stuhl_Luno_Mueller_04.jpg 619w, https:\/\/kramer-produkt-design.de\/wp-content\/uploads\/2017\/12\/Stuhl_Luno_Mueller_04-300x169.jpg 300w, https:\/\/kramer-produkt-design.de\/wp-content\/uploads\/2017\/12\/Stuhl_Luno_Mueller_04-508x286.jpg 508w\" sizes=\"auto, (max-width: 619px) 100vw, 619px\" \/><figcaption class=\"wp-element-caption\"><a href=\"https:\/\/kramer-produkt-design.de\/?cat=15\">M\u00f6bel, z.B. St\u00fchle und Leuchten,<\/a> u.a. f\u00fcr M\u00fcller M\u00f6bel<br><br><\/figcaption><\/figure>\n\n\n\n<p><\/p>\n\n\n\n<figure class=\"wp-block-image size-full is-resized\"><img loading=\"lazy\" decoding=\"async\" width=\"1920\" height=\"831\" src=\"https:\/\/kramer-produkt-design.de\/wp-content\/uploads\/0200\/03\/Keramikspitzer-Auszeichnung.jpg\" alt=\"\" class=\"wp-image-853\" style=\"width:620px\" srcset=\"https:\/\/kramer-produkt-design.de\/wp-content\/uploads\/0200\/03\/Keramikspitzer-Auszeichnung.jpg 1920w, https:\/\/kramer-produkt-design.de\/wp-content\/uploads\/0200\/03\/Keramikspitzer-Auszeichnung-300x130.jpg 300w, https:\/\/kramer-produkt-design.de\/wp-content\/uploads\/0200\/03\/Keramikspitzer-Auszeichnung-768x332.jpg 768w, https:\/\/kramer-produkt-design.de\/wp-content\/uploads\/0200\/03\/Keramikspitzer-Auszeichnung-1024x443.jpg 1024w, https:\/\/kramer-produkt-design.de\/wp-content\/uploads\/0200\/03\/Keramikspitzer-Auszeichnung-973x421.jpg 973w, https:\/\/kramer-produkt-design.de\/wp-content\/uploads\/0200\/03\/Keramikspitzer-Auszeichnung-508x220.jpg 508w\" sizes=\"auto, (max-width: 1920px) 100vw, 1920px\" \/><figcaption class=\"wp-element-caption\"><a href=\"https:\/\/kramer-produkt-design.de\/?cat=104\">B\u00fcroger\u00e4te und Spielzeug z.B. Keramikanspitzer<\/a><\/figcaption><\/figure>\n\n\n\n<p><\/p>\n\n\n\n<p><strong>Kontakt<\/strong><br>Prof. Andreas Kramer<br><a href=\"mailto:kramer@kramer-produkt-design.de\">kramer@kramer-produkt-design.de<\/a><br>Tel: +49 163 3641136<br><\/p>\n\n\n\n<p><\/p>\n","protected":false},"excerpt":{"rendered":"<p>Prof. Andreas Kramer verf\u00fcgt \u00fcber mehr als 3 Jahrzehnte Erfahrung in der Produktentwicklung. In enger Zusammenarbeit mit seinen Kunden hat er zahlreiche Produkte aus unterschiedlichsten Branchen bis zur&#8230;<\/p>\n","protected":false},"author":1,"featured_media":1908,"parent":0,"menu_order":0,"comment_status":"closed","ping_status":"closed","template":"","meta":{"footnotes":""},"class_list":["post-1108","page","type-page","status-publish","has-post-thumbnail","hentry"],"_links":{"self":[{"href":"https:\/\/kramer-produkt-design.de\/index.php?rest_route=\/wp\/v2\/pages\/1108","targetHints":{"allow":["GET"]}}],"collection":[{"href":"https:\/\/kramer-produkt-design.de\/index.php?rest_route=\/wp\/v2\/pages"}],"about":[{"href":"https:\/\/kramer-produkt-design.de\/index.php?rest_route=\/wp\/v2\/types\/page"}],"author":[{"embeddable":true,"href":"https:\/\/kramer-produkt-design.de\/index.php?rest_route=\/wp\/v2\/users\/1"}],"replies":[{"embeddable":true,"href":"https:\/\/kramer-produkt-design.de\/index.php?rest_route=%2Fwp%2Fv2%2Fcomments&post=1108"}],"version-history":[{"count":52,"href":"https:\/\/kramer-produkt-design.de\/index.php?rest_route=\/wp\/v2\/pages\/1108\/revisions"}],"predecessor-version":[{"id":1946,"href":"https:\/\/kramer-produkt-design.de\/index.php?rest_route=\/wp\/v2\/pages\/1108\/revisions\/1946"}],"wp:featuredmedia":[{"embeddable":true,"href":"https:\/\/kramer-produkt-design.de\/index.php?rest_route=\/wp\/v2\/media\/1908"}],"wp:attachment":[{"href":"https:\/\/kramer-produkt-design.de\/index.php?rest_route=%2Fwp%2Fv2%2Fmedia&parent=1108"}],"curies":[{"name":"wp","href":"https:\/\/api.w.org\/{rel}","templated":true}]}}