{"id":50,"date":"2017-12-22T10:54:01","date_gmt":"2017-12-22T10:54:01","guid":{"rendered":"http:\/\/test.kramerdesign.net\/?page_id=50"},"modified":"2022-02-25T15:38:37","modified_gmt":"2022-02-25T14:38:37","slug":"prof-andreas-kramer","status":"publish","type":"page","link":"https:\/\/kramer-produkt-design.de\/?page_id=50","title":{"rendered":"Prof. Andreas Kramer"},"content":{"rendered":"<p>Andreas Kramer ist Professor an der Hochschule f\u00fcr K\u00fcnste-Bremen und arbeitet freiberuflich unter <a href=\"https:\/\/kramer-produkt-design.de\/?page_id=1108\"><strong>kramerDesign<\/strong><\/a> als Produkt- und Industriedesigner als Dienstleister und mit freien Projekten f\u00fcr zahlreiche bekannte Unternehmen und Instituten.<br \/>\nViele seiner Arbeiten wurden International ausgezeichnet.<\/p>\n<p>&#8211; 2001 Professur f\u00fcr Produktdesign \/ CAD und Freiberuflicher Produktdesigner<\/p>\n<p>&#8211; Industriedesigner bei Studios von Budde&amp;Piltz und <a href=\"http:\/\/www.arche-design.de\/\" target=\"_blank\" rel=\"noopener noreferrer\">archeDesign<\/a> in Nottuln und M\u00fcnster<\/p>\n<p>&#8211; Studium Industriedesign (Dipl. Des.) Bergische Universit\u00e4t Wuppertal<\/p>\n<p>&#8211; Ausbildung Schauwerbegestalter<\/p>\n<p>&#8211; geboren 1966 in D\u00fcsseldorf<\/p>\n<h4>Hochschule f\u00fcr K\u00fcnste &#8211; Bremen<\/h4>\n<p>&#8211; 2013 <a href=\"http:\/\/www.masterstudio.hfk-bremen.de\" target=\"_blank\" rel=\"noopener noreferrer\">Master Studioleiter \u201eMaterial &amp; Technologie\u201c<\/a> zusammen mit <a href=\"http:\/\/www.bettinapelz.de\/\" target=\"_blank\" rel=\"noopener noreferrer\">Bettina Catler-Pelz<\/a><\/p>\n<p>&#8211; 2001 Professor an der <a href=\"http:\/\/www.kramer-produkt-design.de\/html\/body_hfk-bremen.html\" target=\"Haupttext\" rel=\"noopener noreferrer\">Hochschule f\u00fcr K\u00fcnste in Bremen <\/a>und vertritt dort das Lehrgebiet \u201cProduktdesign\/CAD\u201d<\/p>\n<p>&#8211; 4 Jahre Stellvertretender Dekan, 2 Jahr Studiendekan<\/p>\n<p>&#8211; Gremienarbeit: Studienkommission, Fachbereichsrat, Akademischer Senat<\/p>\n<p>&#8211; Mitglied in zahlreichen Berufungskommissionen<\/p>\n<p>&#8211; Gutachtert\u00e4tigkeiten, u.a. f\u00fcr Akkreditierungsverfahren<\/p>\n<p>&#8211; zahlreiche Lehr-Praxisprojekte mit Instituten und<br \/>\nUnternehmen:<br \/>\n&gt; \u201e<a href=\"https:\/\/www.uni-goettingen.de\/de\/72110.html\" target=\"_blank\" rel=\"noreferrer noopener\" aria-label=\"AG Chemie und Verfahrenstechnik von Verbundwerkstoffen (\u00f6ffnet in neuem Tab)\">AG Chemie und Verfahrenstechnik von Verbundwerkstoffen<\/a>\u201c am B\u00fcsgen-Institut der Georg-August-Universit\u00e4t G\u00f6ttingen<br \/>\n&gt; <a href=\"http:\/\/www.mpa-bremen.de\" target=\"_blank\" rel=\"noopener noreferrer\">Amtliche Materialpr\u00fcfungsanstalt (MPA) der Freien Hansestadt Bremen<\/a><br \/>\n&gt; <a href=\"http:\/\/www.faserinstitut.de\" target=\"_blank\" rel=\"noopener noreferrer\">Bremer Institut f\u00fcr Produktion und Logistik<br \/>\n-Faserinstitut Bremen e. V. (FIBRE) an der Universit\u00e4t Bremen<\/a><br \/>\n&gt; <a href=\"http:\/\/www.ifam.fraunhofer.de\/\" target=\"_blank\" rel=\"noopener noreferrer\">Fraunhofer Institut f\u00fcr Fertigungstechnik und angewandte Materialforschung<\/a><br \/>\n&gt; <a href=\"http:\/\/www.initiative-zink.de\" target=\"_blank\" rel=\"noopener noreferrer\">Initiative Zink der Wirtschaftsvereinigung Metalle<\/a><br \/>\n&gt; <a href=\"http:\/\/www.innowi.de\" target=\"_blank\" rel=\"noopener noreferrer\">InnoWi GmbH Patentverwertungsgesellschaft der Hochschulen und Forschungseinrichtungen vom Bremen und dem westlichen Niedersachsen<\/a><br \/>\n&gt; Institut f\u00fcr keramische Werkstoffe und Bauteile an der Universit\u00e4t Bremen<br \/>\n&gt; Rapid Prototyping Zentrum<br \/>\n&gt; Studieng\u00e4nge Bionik, Architektur, Maschinenbau der Universit\u00e4t Bremen und der<br \/>\n&gt; Hochschule Bremen<br \/>\n&gt; Sowie diverse Unternehmen wie z.B. <a href=\"http:\/\/www.mercedes-benz.de\" target=\"_blank\" rel=\"noopener noreferrer\">Daimler-Benz Bremen<\/a>, <a href=\"http:\/\/www.philippi.com\" target=\"_blank\" rel=\"noopener noreferrer\">Philippi<\/a>, HAN-B\u00fcroger\u00e4te, Althaus, <a href=\"http:\/\/www.muellermoebel.de\" target=\"_blank\" rel=\"noopener noreferrer\">M\u00fcller-M\u00f6bel<\/a>, Bego, <a href=\"http:\/\/leda.de\">LEDA<\/a>, u.v.a..<\/p>\n","protected":false},"excerpt":{"rendered":"<p>Andreas Kramer ist Professor an der Hochschule f\u00fcr K\u00fcnste-Bremen und arbeitet freiberuflich unter kramerDesign als Produkt- und Industriedesigner als Dienstleister und mit freien Projekten f\u00fcr zahlreiche bekannte Unternehmen&#8230;<\/p>\n","protected":false},"author":1,"featured_media":1689,"parent":0,"menu_order":0,"comment_status":"closed","ping_status":"closed","template":"","meta":{"footnotes":""},"class_list":["post-50","page","type-page","status-publish","has-post-thumbnail","hentry"],"_links":{"self":[{"href":"https:\/\/kramer-produkt-design.de\/index.php?rest_route=\/wp\/v2\/pages\/50","targetHints":{"allow":["GET"]}}],"collection":[{"href":"https:\/\/kramer-produkt-design.de\/index.php?rest_route=\/wp\/v2\/pages"}],"about":[{"href":"https:\/\/kramer-produkt-design.de\/index.php?rest_route=\/wp\/v2\/types\/page"}],"author":[{"embeddable":true,"href":"https:\/\/kramer-produkt-design.de\/index.php?rest_route=\/wp\/v2\/users\/1"}],"replies":[{"embeddable":true,"href":"https:\/\/kramer-produkt-design.de\/index.php?rest_route=%2Fwp%2Fv2%2Fcomments&post=50"}],"version-history":[{"count":12,"href":"https:\/\/kramer-produkt-design.de\/index.php?rest_route=\/wp\/v2\/pages\/50\/revisions"}],"predecessor-version":[{"id":1691,"href":"https:\/\/kramer-produkt-design.de\/index.php?rest_route=\/wp\/v2\/pages\/50\/revisions\/1691"}],"wp:featuredmedia":[{"embeddable":true,"href":"https:\/\/kramer-produkt-design.de\/index.php?rest_route=\/wp\/v2\/media\/1689"}],"wp:attachment":[{"href":"https:\/\/kramer-produkt-design.de\/index.php?rest_route=%2Fwp%2Fv2%2Fmedia&parent=50"}],"curies":[{"name":"wp","href":"https:\/\/api.w.org\/{rel}","templated":true}]}}